{"id":230,"date":"2020-08-13T14:32:31","date_gmt":"2020-08-13T12:32:31","guid":{"rendered":"http:\/\/giemza.ch\/?page_id=230"},"modified":"2021-03-16T14:44:32","modified_gmt":"2021-03-16T13:44:32","slug":"rodo","status":"publish","type":"page","link":"https:\/\/giemza.ch\/index.php\/rodo\/","title":{"rendered":"RODO"},"content":{"rendered":"\n<p>KLAUZULA INFORMACYJNA \u2013<\/p>\n\n\n\n<p>INFORMACJA O PRZETWARZANIU DANYCH OSOBOWYCH RODO<\/p>\n\n\n\n<p>przez&nbsp; Ab Ovo Jakub Giemza<\/p>\n\n\n\n<p><strong>Administrator danych osobowych<\/strong><\/p>\n\n\n\n<p>Administratorem danych osobowych jest Ab Ovo Jakub Giemza, ul. Belgijska 18, 54-404 Wroc\u0142aw.<\/p>\n\n\n\n<p><strong>Przetwarzanie danych<\/strong><\/p>\n\n\n\n<p>Przetwarzane dane osobowe s\u0105 pozyskiwane w wyniku zapisywania si\u0119 pacjent\u00f3w na wizyty, telefonicznie pod numerem telefonu 530 355 288 i 502 733 399 oraz za pomoc\u0105 formularza kontaktowego na stronie internetowej&nbsp; <a href=\"http:\/\/www.giemza.ch\">www.giemza.ch<\/a> .<\/p>\n\n\n\n<p>Dane obejmuj\u0105 imi\u0119 i nazwisko oraz nr telefonu, w niekt\u00f3rych przypadkach r\u00f3wnie\u017c adres&nbsp;e-mail, adres zamieszkania, PESEL.<\/p>\n\n\n\n<p>Dane osobowe Klienta s\u0105 przetwarzane na podstawie art. 6 ust. 1 lit. f RODO,&nbsp;w oparciu o niezb\u0119dno\u015b\u0107 przetwarzania do cel\u00f3w wynikaj\u0105cych z prawnie uzasadnionych interes\u00f3w realizowanych przez Administratora.<\/p>\n\n\n\n<p>Prawnie uzasadnione interesy realizowane przez Ab Ovo Jakub Giemza polegaj\u0105 na przeprowadzeniu diagnozy, konsultacji, poradnictwa i psychoterapii indywidualnej,&nbsp;a tak\u017ce ewentualnego stworzenia opinii psychologicznej i\/lub za\u015bwiadczenia.<\/p>\n\n\n\n<p>Klienta dane s\u0105 przetwarzane w celu kontaktu dotycz\u0105cego dat&nbsp;i godzin spotka\u0144 w zwi\u0105zku z diagnoz\u0105, konsultacj\u0105, poradnictwem b\u0105d\u017a psychoterapi\u0105.<\/p>\n\n\n\n<p>Dodatkowo dane s\u0105 przetwarzane w zwi\u0105zku z wystawianiem rachunku.<\/p>\n\n\n\n<p>Klienta dane osobowe s\u0105 przetwarzane r\u0119cznie w celu przeprowadzeniu diagnozy, konsultacji, poradnictwa i psychoterapii indywidualnej, a tak\u017ce komputerowo w celu ewentualnego stworzenia opinii psychologicznej i\/lub wydania za\u015bwiadczenia.<\/p>\n\n\n\n<p><strong>Okres przechowywania danych<\/strong><\/p>\n\n\n\n<p>Dane osobowe s\u0105 przechowywane do momentu z\u0142o\u017cenia przez Klienta \u017c\u0105dania ich usuni\u0119cia lub rezygnacji z us\u0142ug Ab Ovo Jakub Giemza.<\/p>\n\n\n\n<p><strong>Przekazywanie danych<\/strong><\/p>\n\n\n\n<p>W sytuacji konieczno\u015bci wystawienia faktury dane osobowe s\u0105 przekazywane firmie&nbsp;M&amp;B Biuro Rachunkowe Sp. z o.o., ul. Pi\u0142sudskiego 13\/409, 50-020 Wroc\u0142aw, kt\u00f3ra prowadzi obs\u0142ug\u0119 finansowo-ksi\u0119gow\u0105 Ab Ovo Jakub Giemza (dane w zakresie imienia&nbsp;i nazwiska, a na wyra\u017ane \u017cyczenie pacjenta r\u00f3wnie\u017c adresu).<\/p>\n\n\n\n<p>W sytuacji superwizji \u2013 czyli merytorycznego nadzoru proces\u00f3w leczenia \u2013 informacje dotycz\u0105ce pacjentki\/pacjenta przekazywane s\u0105 w spos\u00f3b uniemo\u017cliwiaj\u0105cy identyfikacj\u0119 konkretnej osoby (zachowana jest pe\u0142na anonimowo\u015b\u0107).<\/p>\n\n\n\n<p><strong>Pani\/Pana dane osobowe s\u0105 obj\u0119te tajemnic\u0105 zawodow\u0105 psychologa<\/strong>.<\/p>\n\n\n\n<p>Z wyj\u0105tkiem zwolnienia z obowi\u0105zku z zachowania poufno\u015bci przez prokuratora lub s\u0105d b\u0105d\u017a je\u015bli \u017cycie pacjentki\/pacjenta lub innych os\u00f3b b\u0119dzie powa\u017cnie zagro\u017cone.<\/p>\n\n\n\n<p><strong>Prawa w\u0142a\u015bciciela danych osobowych<\/strong><\/p>\n\n\n\n<p>Przys\u0142uguje Pani\/Panu prawo dost\u0119pu do swoich danych osobowych, sprostowania danych, usuni\u0119cia ich z bazy, ograniczenia ich przetwarzania, wniesienia sprzeciwu wobec przetwarzania danych, przenoszenia danych, wniesienia skargi do organu nadzorczego, cofni\u0119cia zgody na przetwarzanie danych osobowych.<\/p>\n\n\n\n<p class=\"has-text-align-left\">Je\u015bli \u017cycz\u0105 sobie Pa\u0144stwo usuni\u0119cia danych osobowych z bazy, sprostowania lub ograniczenia ich przetwarzania \u2013 prosz\u0119 o kontakt z\u00a0Ab Ovo Jakub Giemza, ul. Belgijska 18, 54-404 Wroc\u0142aw \u2013 pisemnie: pismo dor\u0119czone osobi\u015bcie b\u0105d\u017a poczt\u0105 tradycyjn\u0105.<\/p>\n\n\n\n<p class=\"has-text-align-left\">Dok\u0142adam wszelkich stara\u0144, aby zapewni\u0107 \u015brodki fizycznej, technicznej\u00a0i organizacyjnej ochrony danych osobowych przed ich przypadkowym, czy umy\u015blnym zniszczeniem, przypadkow\u0105 utrat\u0105, zmian\u0105, nieuprawnionym ujawnieniem, wykorzystaniem czy dost\u0119pem, zgodnie ze wszystkimi obowi\u0105zuj\u0105cymi przepisami. <\/p>\n\n\n\n<p class=\"has-text-align-left\">Dane przetwarzane r\u0119cznie s\u0105 chronione w szafach pancernych, w biurze z alarmem i okratowanymi oknami. Dane przetwarzane komputerowo s\u0105 chronione w folderze zabezpieczonym has\u0142em. Korespondencja e-mail przechodzi przez bezpieczn\u0105 i szyfrowan\u0105 szwajcarsk\u0105 poczt\u0119. Opr\u00f3cz szyfrowania na \u017cyczenie Klienta korespondencja mo\u017ce by\u0107 dodatkowo has\u0142owana.&nbsp;<\/p>\n","protected":false},"excerpt":{"rendered":"<p>KLAUZULA INFORMACYJNA \u2013 INFORMACJA O PRZETWARZANIU DANYCH OSOBOWYCH RODO przez&nbsp; Ab Ovo Jakub Giemza Administrator danych osobowych Administratorem danych osobowych jest Ab Ovo Jakub Giemza, ul. Belgijska 18, 54-404 Wroc\u0142aw. Przetwarzanie danych Przetwarzane dane osobowe s\u0105 pozyskiwane w wyniku zapisywania si\u0119 pacjent\u00f3w na wizyty, telefonicznie pod numerem telefonu 530 355 288 i 502 733 399 &hellip; <\/p>\n<p class=\"link-more\"><a href=\"https:\/\/giemza.ch\/index.php\/rodo\/\" class=\"more-link\">Czytaj dalej<span class=\"screen-reader-text\"> RODO<\/span><\/a><\/p>\n","protected":false},"author":1,"featured_media":0,"parent":0,"menu_order":0,"comment_status":"closed","ping_status":"closed","template":"","meta":[],"yoast_head":"<!-- This site is optimized with the Yoast SEO plugin v19.4 - https:\/\/yoast.com\/wordpress\/plugins\/seo\/ -->\n<title>RODO - Jakub Jan Giemza<\/title>\n<meta name=\"robots\" content=\"index, follow, max-snippet:-1, max-image-preview:large, max-video-preview:-1\" \/>\n<link rel=\"canonical\" href=\"https:\/\/giemza.ch\/index.php\/rodo\/\" \/>\n<meta property=\"og:locale\" content=\"pl_PL\" \/>\n<meta property=\"og:type\" content=\"article\" \/>\n<meta property=\"og:title\" content=\"RODO - Jakub Jan Giemza\" \/>\n<meta property=\"og:description\" content=\"KLAUZULA INFORMACYJNA \u2013 INFORMACJA O PRZETWARZANIU DANYCH OSOBOWYCH RODO przez&nbsp; Ab Ovo Jakub Giemza Administrator danych osobowych Administratorem danych osobowych jest Ab Ovo Jakub Giemza, ul. Belgijska 18, 54-404 Wroc\u0142aw. Przetwarzanie danych Przetwarzane dane osobowe s\u0105 pozyskiwane w wyniku zapisywania si\u0119 pacjent\u00f3w na wizyty, telefonicznie pod numerem telefonu 530 355 288 i 502 733 399 &hellip; Czytaj dalej RODO\" \/>\n<meta property=\"og:url\" content=\"https:\/\/giemza.ch\/index.php\/rodo\/\" \/>\n<meta property=\"og:site_name\" content=\"Jakub Jan Giemza\" \/>\n<meta property=\"article:modified_time\" content=\"2021-03-16T13:44:32+00:00\" \/>\n<meta name=\"twitter:card\" content=\"summary_large_image\" \/>\n<meta name=\"twitter:label1\" content=\"Szacowany czas czytania\" \/>\n\t<meta name=\"twitter:data1\" content=\"2 minuty\" \/>\n<script type=\"application\/ld+json\" class=\"yoast-schema-graph\">{\"@context\":\"https:\/\/schema.org\",\"@graph\":[{\"@type\":\"Organization\",\"@id\":\"https:\/\/giemza.ch\/#organization\",\"name\":\"Jakub Jan Giemza\",\"url\":\"https:\/\/giemza.ch\/\",\"sameAs\":[],\"logo\":{\"@type\":\"ImageObject\",\"inLanguage\":\"pl-PL\",\"@id\":\"https:\/\/giemza.ch\/#\/schema\/logo\/image\/\",\"url\":\"https:\/\/giemza.ch\/wp-content\/uploads\/2026\/01\/cropped-cropped-ChatGPT-Image-5-sty-2026-o-03_50_08-2.png\",\"contentUrl\":\"https:\/\/giemza.ch\/wp-content\/uploads\/2026\/01\/cropped-cropped-ChatGPT-Image-5-sty-2026-o-03_50_08-2.png\",\"width\":250,\"height\":250,\"caption\":\"Jakub Jan Giemza\"},\"image\":{\"@id\":\"https:\/\/giemza.ch\/#\/schema\/logo\/image\/\"}},{\"@type\":\"WebSite\",\"@id\":\"https:\/\/giemza.ch\/#website\",\"url\":\"https:\/\/giemza.ch\/\",\"name\":\"Jakub Jan Giemza\",\"description\":\"PSYCHOLOGIA - PSYCHIATRIA - RODZINA &amp; BUSINESS\",\"publisher\":{\"@id\":\"https:\/\/giemza.ch\/#organization\"},\"potentialAction\":[{\"@type\":\"SearchAction\",\"target\":{\"@type\":\"EntryPoint\",\"urlTemplate\":\"https:\/\/giemza.ch\/?s={search_term_string}\"},\"query-input\":\"required name=search_term_string\"}],\"inLanguage\":\"pl-PL\"},{\"@type\":\"WebPage\",\"@id\":\"https:\/\/giemza.ch\/index.php\/rodo\/\",\"url\":\"https:\/\/giemza.ch\/index.php\/rodo\/\",\"name\":\"RODO - Jakub Jan Giemza\",\"isPartOf\":{\"@id\":\"https:\/\/giemza.ch\/#website\"},\"datePublished\":\"2020-08-13T12:32:31+00:00\",\"dateModified\":\"2021-03-16T13:44:32+00:00\",\"breadcrumb\":{\"@id\":\"https:\/\/giemza.ch\/index.php\/rodo\/#breadcrumb\"},\"inLanguage\":\"pl-PL\",\"potentialAction\":[{\"@type\":\"ReadAction\",\"target\":[\"https:\/\/giemza.ch\/index.php\/rodo\/\"]}]},{\"@type\":\"BreadcrumbList\",\"@id\":\"https:\/\/giemza.ch\/index.php\/rodo\/#breadcrumb\",\"itemListElement\":[{\"@type\":\"ListItem\",\"position\":1,\"name\":\"Strona g\u0142\u00f3wna\",\"item\":\"https:\/\/giemza.ch\/\"},{\"@type\":\"ListItem\",\"position\":2,\"name\":\"RODO\"}]}]}<\/script>\n<!-- \/ Yoast SEO plugin. -->","yoast_head_json":{"title":"RODO - Jakub Jan Giemza","robots":{"index":"index","follow":"follow","max-snippet":"max-snippet:-1","max-image-preview":"max-image-preview:large","max-video-preview":"max-video-preview:-1"},"canonical":"https:\/\/giemza.ch\/index.php\/rodo\/","og_locale":"pl_PL","og_type":"article","og_title":"RODO - Jakub Jan Giemza","og_description":"KLAUZULA INFORMACYJNA \u2013 INFORMACJA O PRZETWARZANIU DANYCH OSOBOWYCH RODO przez&nbsp; Ab Ovo Jakub Giemza Administrator danych osobowych Administratorem danych osobowych jest Ab Ovo Jakub Giemza, ul. Belgijska 18, 54-404 Wroc\u0142aw. Przetwarzanie danych Przetwarzane dane osobowe s\u0105 pozyskiwane w wyniku zapisywania si\u0119 pacjent\u00f3w na wizyty, telefonicznie pod numerem telefonu 530 355 288 i 502 733 399 &hellip; Czytaj dalej RODO","og_url":"https:\/\/giemza.ch\/index.php\/rodo\/","og_site_name":"Jakub Jan Giemza","article_modified_time":"2021-03-16T13:44:32+00:00","twitter_card":"summary_large_image","twitter_misc":{"Szacowany czas czytania":"2 minuty"},"schema":{"@context":"https:\/\/schema.org","@graph":[{"@type":"Organization","@id":"https:\/\/giemza.ch\/#organization","name":"Jakub Jan Giemza","url":"https:\/\/giemza.ch\/","sameAs":[],"logo":{"@type":"ImageObject","inLanguage":"pl-PL","@id":"https:\/\/giemza.ch\/#\/schema\/logo\/image\/","url":"https:\/\/giemza.ch\/wp-content\/uploads\/2026\/01\/cropped-cropped-ChatGPT-Image-5-sty-2026-o-03_50_08-2.png","contentUrl":"https:\/\/giemza.ch\/wp-content\/uploads\/2026\/01\/cropped-cropped-ChatGPT-Image-5-sty-2026-o-03_50_08-2.png","width":250,"height":250,"caption":"Jakub Jan Giemza"},"image":{"@id":"https:\/\/giemza.ch\/#\/schema\/logo\/image\/"}},{"@type":"WebSite","@id":"https:\/\/giemza.ch\/#website","url":"https:\/\/giemza.ch\/","name":"Jakub Jan Giemza","description":"PSYCHOLOGIA - PSYCHIATRIA - RODZINA &amp; BUSINESS","publisher":{"@id":"https:\/\/giemza.ch\/#organization"},"potentialAction":[{"@type":"SearchAction","target":{"@type":"EntryPoint","urlTemplate":"https:\/\/giemza.ch\/?s={search_term_string}"},"query-input":"required name=search_term_string"}],"inLanguage":"pl-PL"},{"@type":"WebPage","@id":"https:\/\/giemza.ch\/index.php\/rodo\/","url":"https:\/\/giemza.ch\/index.php\/rodo\/","name":"RODO - Jakub Jan Giemza","isPartOf":{"@id":"https:\/\/giemza.ch\/#website"},"datePublished":"2020-08-13T12:32:31+00:00","dateModified":"2021-03-16T13:44:32+00:00","breadcrumb":{"@id":"https:\/\/giemza.ch\/index.php\/rodo\/#breadcrumb"},"inLanguage":"pl-PL","potentialAction":[{"@type":"ReadAction","target":["https:\/\/giemza.ch\/index.php\/rodo\/"]}]},{"@type":"BreadcrumbList","@id":"https:\/\/giemza.ch\/index.php\/rodo\/#breadcrumb","itemListElement":[{"@type":"ListItem","position":1,"name":"Strona g\u0142\u00f3wna","item":"https:\/\/giemza.ch\/"},{"@type":"ListItem","position":2,"name":"RODO"}]}]}},"_links":{"self":[{"href":"https:\/\/giemza.ch\/index.php\/wp-json\/wp\/v2\/pages\/230"}],"collection":[{"href":"https:\/\/giemza.ch\/index.php\/wp-json\/wp\/v2\/pages"}],"about":[{"href":"https:\/\/giemza.ch\/index.php\/wp-json\/wp\/v2\/types\/page"}],"author":[{"embeddable":true,"href":"https:\/\/giemza.ch\/index.php\/wp-json\/wp\/v2\/users\/1"}],"replies":[{"embeddable":true,"href":"https:\/\/giemza.ch\/index.php\/wp-json\/wp\/v2\/comments?post=230"}],"version-history":[{"count":4,"href":"https:\/\/giemza.ch\/index.php\/wp-json\/wp\/v2\/pages\/230\/revisions"}],"predecessor-version":[{"id":341,"href":"https:\/\/giemza.ch\/index.php\/wp-json\/wp\/v2\/pages\/230\/revisions\/341"}],"wp:attachment":[{"href":"https:\/\/giemza.ch\/index.php\/wp-json\/wp\/v2\/media?parent=230"}],"curies":[{"name":"wp","href":"https:\/\/api.w.org\/{rel}","templated":true}]}}