{"id":111,"date":"2020-08-12T12:49:52","date_gmt":"2020-08-12T10:49:52","guid":{"rendered":"http:\/\/giemza.ch\/?page_id=111"},"modified":"2020-09-17T20:55:50","modified_gmt":"2020-09-17T18:55:50","slug":"konsultacje-psychologiczne","status":"publish","type":"page","link":"https:\/\/giemza.ch\/index.php\/konsultacje-psychologiczne\/","title":{"rendered":"Konsultacje psychologiczne"},"content":{"rendered":"\n<p>W ramach praktyki psychologicznej oferuj\u0119 Klientom profesjonalne wsparcie psychologiczne zar\u00f3wno w zakresie interwencji kryzysowych jak i terapii kr\u00f3tko i d\u0142ugoterminowych. Z konsultacji psychologicznych mog\u0105 skorzysta\u0107 osoby zastanawiaj\u0105ce si\u0119 czy w ich przypadku psychoterapia jest wskazana, pragn\u0105ce zorientowa\u0107 si\u0119 w naturze swojego problemu i uzyska\u0107 wskaz\u00f3wki, co do najlepszej formy pomocy oraz osoby potrzebuj\u0105ce dora\u017anej pomocy.<\/p>\n","protected":false},"excerpt":{"rendered":"<p>W ramach praktyki psychologicznej oferuj\u0119 Klientom profesjonalne wsparcie psychologiczne zar\u00f3wno w zakresie interwencji kryzysowych jak i terapii kr\u00f3tko i d\u0142ugoterminowych. Z konsultacji psychologicznych mog\u0105 skorzysta\u0107 osoby zastanawiaj\u0105ce si\u0119 czy w ich przypadku psychoterapia jest wskazana, pragn\u0105ce zorientowa\u0107 si\u0119 w naturze swojego problemu i uzyska\u0107 wskaz\u00f3wki, co do najlepszej formy pomocy oraz osoby potrzebuj\u0105ce dora\u017anej pomocy.<\/p>\n","protected":false},"author":1,"featured_media":0,"parent":0,"menu_order":0,"comment_status":"closed","ping_status":"closed","template":"","meta":[],"yoast_head":"<!-- This site is optimized with the Yoast SEO plugin v19.4 - https:\/\/yoast.com\/wordpress\/plugins\/seo\/ -->\n<title>Konsultacje psychologiczne - Jakub Jan Giemza<\/title>\n<meta name=\"robots\" content=\"index, follow, max-snippet:-1, max-image-preview:large, max-video-preview:-1\" \/>\n<link rel=\"canonical\" href=\"https:\/\/giemza.ch\/index.php\/konsultacje-psychologiczne\/\" \/>\n<meta property=\"og:locale\" content=\"pl_PL\" \/>\n<meta property=\"og:type\" content=\"article\" \/>\n<meta property=\"og:title\" content=\"Konsultacje psychologiczne - Jakub Jan Giemza\" \/>\n<meta property=\"og:description\" content=\"W ramach praktyki psychologicznej oferuj\u0119 Klientom profesjonalne wsparcie psychologiczne zar\u00f3wno w zakresie interwencji kryzysowych jak i terapii kr\u00f3tko i d\u0142ugoterminowych. Z konsultacji psychologicznych mog\u0105 skorzysta\u0107 osoby zastanawiaj\u0105ce si\u0119 czy w ich przypadku psychoterapia jest wskazana, pragn\u0105ce zorientowa\u0107 si\u0119 w naturze swojego problemu i uzyska\u0107 wskaz\u00f3wki, co do najlepszej formy pomocy oraz osoby potrzebuj\u0105ce dora\u017anej pomocy.\" \/>\n<meta property=\"og:url\" content=\"https:\/\/giemza.ch\/index.php\/konsultacje-psychologiczne\/\" \/>\n<meta property=\"og:site_name\" content=\"Jakub Jan Giemza\" \/>\n<meta property=\"article:modified_time\" content=\"2020-09-17T18:55:50+00:00\" \/>\n<meta name=\"twitter:card\" content=\"summary_large_image\" \/>\n<script type=\"application\/ld+json\" class=\"yoast-schema-graph\">{\"@context\":\"https:\/\/schema.org\",\"@graph\":[{\"@type\":\"Organization\",\"@id\":\"https:\/\/giemza.ch\/#organization\",\"name\":\"Jakub Jan Giemza\",\"url\":\"https:\/\/giemza.ch\/\",\"sameAs\":[],\"logo\":{\"@type\":\"ImageObject\",\"inLanguage\":\"pl-PL\",\"@id\":\"https:\/\/giemza.ch\/#\/schema\/logo\/image\/\",\"url\":\"https:\/\/giemza.ch\/wp-content\/uploads\/2026\/01\/cropped-cropped-ChatGPT-Image-5-sty-2026-o-03_50_08-2.png\",\"contentUrl\":\"https:\/\/giemza.ch\/wp-content\/uploads\/2026\/01\/cropped-cropped-ChatGPT-Image-5-sty-2026-o-03_50_08-2.png\",\"width\":250,\"height\":250,\"caption\":\"Jakub Jan Giemza\"},\"image\":{\"@id\":\"https:\/\/giemza.ch\/#\/schema\/logo\/image\/\"}},{\"@type\":\"WebSite\",\"@id\":\"https:\/\/giemza.ch\/#website\",\"url\":\"https:\/\/giemza.ch\/\",\"name\":\"Jakub Jan Giemza\",\"description\":\"PSYCHOLOGIA - PSYCHIATRIA - RODZINA &amp; BUSINESS\",\"publisher\":{\"@id\":\"https:\/\/giemza.ch\/#organization\"},\"potentialAction\":[{\"@type\":\"SearchAction\",\"target\":{\"@type\":\"EntryPoint\",\"urlTemplate\":\"https:\/\/giemza.ch\/?s={search_term_string}\"},\"query-input\":\"required name=search_term_string\"}],\"inLanguage\":\"pl-PL\"},{\"@type\":\"WebPage\",\"@id\":\"https:\/\/giemza.ch\/index.php\/konsultacje-psychologiczne\/\",\"url\":\"https:\/\/giemza.ch\/index.php\/konsultacje-psychologiczne\/\",\"name\":\"Konsultacje psychologiczne - Jakub Jan Giemza\",\"isPartOf\":{\"@id\":\"https:\/\/giemza.ch\/#website\"},\"datePublished\":\"2020-08-12T10:49:52+00:00\",\"dateModified\":\"2020-09-17T18:55:50+00:00\",\"breadcrumb\":{\"@id\":\"https:\/\/giemza.ch\/index.php\/konsultacje-psychologiczne\/#breadcrumb\"},\"inLanguage\":\"pl-PL\",\"potentialAction\":[{\"@type\":\"ReadAction\",\"target\":[\"https:\/\/giemza.ch\/index.php\/konsultacje-psychologiczne\/\"]}]},{\"@type\":\"BreadcrumbList\",\"@id\":\"https:\/\/giemza.ch\/index.php\/konsultacje-psychologiczne\/#breadcrumb\",\"itemListElement\":[{\"@type\":\"ListItem\",\"position\":1,\"name\":\"Strona g\u0142\u00f3wna\",\"item\":\"https:\/\/giemza.ch\/\"},{\"@type\":\"ListItem\",\"position\":2,\"name\":\"Konsultacje psychologiczne\"}]}]}<\/script>\n<!-- \/ Yoast SEO plugin. -->","yoast_head_json":{"title":"Konsultacje psychologiczne - Jakub Jan Giemza","robots":{"index":"index","follow":"follow","max-snippet":"max-snippet:-1","max-image-preview":"max-image-preview:large","max-video-preview":"max-video-preview:-1"},"canonical":"https:\/\/giemza.ch\/index.php\/konsultacje-psychologiczne\/","og_locale":"pl_PL","og_type":"article","og_title":"Konsultacje psychologiczne - Jakub Jan Giemza","og_description":"W ramach praktyki psychologicznej oferuj\u0119 Klientom profesjonalne wsparcie psychologiczne zar\u00f3wno w zakresie interwencji kryzysowych jak i terapii kr\u00f3tko i d\u0142ugoterminowych. Z konsultacji psychologicznych mog\u0105 skorzysta\u0107 osoby zastanawiaj\u0105ce si\u0119 czy w ich przypadku psychoterapia jest wskazana, pragn\u0105ce zorientowa\u0107 si\u0119 w naturze swojego problemu i uzyska\u0107 wskaz\u00f3wki, co do najlepszej formy pomocy oraz osoby potrzebuj\u0105ce dora\u017anej pomocy.","og_url":"https:\/\/giemza.ch\/index.php\/konsultacje-psychologiczne\/","og_site_name":"Jakub Jan Giemza","article_modified_time":"2020-09-17T18:55:50+00:00","twitter_card":"summary_large_image","schema":{"@context":"https:\/\/schema.org","@graph":[{"@type":"Organization","@id":"https:\/\/giemza.ch\/#organization","name":"Jakub Jan Giemza","url":"https:\/\/giemza.ch\/","sameAs":[],"logo":{"@type":"ImageObject","inLanguage":"pl-PL","@id":"https:\/\/giemza.ch\/#\/schema\/logo\/image\/","url":"https:\/\/giemza.ch\/wp-content\/uploads\/2026\/01\/cropped-cropped-ChatGPT-Image-5-sty-2026-o-03_50_08-2.png","contentUrl":"https:\/\/giemza.ch\/wp-content\/uploads\/2026\/01\/cropped-cropped-ChatGPT-Image-5-sty-2026-o-03_50_08-2.png","width":250,"height":250,"caption":"Jakub Jan Giemza"},"image":{"@id":"https:\/\/giemza.ch\/#\/schema\/logo\/image\/"}},{"@type":"WebSite","@id":"https:\/\/giemza.ch\/#website","url":"https:\/\/giemza.ch\/","name":"Jakub Jan Giemza","description":"PSYCHOLOGIA - PSYCHIATRIA - RODZINA &amp; BUSINESS","publisher":{"@id":"https:\/\/giemza.ch\/#organization"},"potentialAction":[{"@type":"SearchAction","target":{"@type":"EntryPoint","urlTemplate":"https:\/\/giemza.ch\/?s={search_term_string}"},"query-input":"required name=search_term_string"}],"inLanguage":"pl-PL"},{"@type":"WebPage","@id":"https:\/\/giemza.ch\/index.php\/konsultacje-psychologiczne\/","url":"https:\/\/giemza.ch\/index.php\/konsultacje-psychologiczne\/","name":"Konsultacje psychologiczne - Jakub Jan Giemza","isPartOf":{"@id":"https:\/\/giemza.ch\/#website"},"datePublished":"2020-08-12T10:49:52+00:00","dateModified":"2020-09-17T18:55:50+00:00","breadcrumb":{"@id":"https:\/\/giemza.ch\/index.php\/konsultacje-psychologiczne\/#breadcrumb"},"inLanguage":"pl-PL","potentialAction":[{"@type":"ReadAction","target":["https:\/\/giemza.ch\/index.php\/konsultacje-psychologiczne\/"]}]},{"@type":"BreadcrumbList","@id":"https:\/\/giemza.ch\/index.php\/konsultacje-psychologiczne\/#breadcrumb","itemListElement":[{"@type":"ListItem","position":1,"name":"Strona g\u0142\u00f3wna","item":"https:\/\/giemza.ch\/"},{"@type":"ListItem","position":2,"name":"Konsultacje psychologiczne"}]}]}},"_links":{"self":[{"href":"https:\/\/giemza.ch\/index.php\/wp-json\/wp\/v2\/pages\/111"}],"collection":[{"href":"https:\/\/giemza.ch\/index.php\/wp-json\/wp\/v2\/pages"}],"about":[{"href":"https:\/\/giemza.ch\/index.php\/wp-json\/wp\/v2\/types\/page"}],"author":[{"embeddable":true,"href":"https:\/\/giemza.ch\/index.php\/wp-json\/wp\/v2\/users\/1"}],"replies":[{"embeddable":true,"href":"https:\/\/giemza.ch\/index.php\/wp-json\/wp\/v2\/comments?post=111"}],"version-history":[{"count":2,"href":"https:\/\/giemza.ch\/index.php\/wp-json\/wp\/v2\/pages\/111\/revisions"}],"predecessor-version":[{"id":312,"href":"https:\/\/giemza.ch\/index.php\/wp-json\/wp\/v2\/pages\/111\/revisions\/312"}],"wp:attachment":[{"href":"https:\/\/giemza.ch\/index.php\/wp-json\/wp\/v2\/media?parent=111"}],"curies":[{"name":"wp","href":"https:\/\/api.w.org\/{rel}","templated":true}]}}